{"id":158,"date":"2018-03-29T16:34:20","date_gmt":"2018-03-29T14:34:20","guid":{"rendered":"http:\/\/lsci.fr\/?page_id=158"},"modified":"2019-04-02T15:17:35","modified_gmt":"2019-04-02T13:17:35","slug":"techniques-analytiques","status":"publish","type":"page","link":"https:\/\/lsci.fr\/index.php\/techniques-analytiques\/","title":{"rendered":"Techniques analytiques"},"content":{"rendered":"<p><img loading=\"lazy\" class=\"aligncenter size-full wp-image-183\" src=\"http:\/\/lsci.fr\/wp-content\/uploads\/2018\/03\/IEG-1-LSCI.jpg\" alt=\"IEG-01 LSCI\" width=\"1000\" height=\"1000\" srcset=\"https:\/\/lsci.fr\/wp-content\/uploads\/2018\/03\/IEG-1-LSCI.jpg 1000w, https:\/\/lsci.fr\/wp-content\/uploads\/2018\/03\/IEG-1-LSCI-150x150.jpg 150w, https:\/\/lsci.fr\/wp-content\/uploads\/2018\/03\/IEG-1-LSCI-300x300.jpg 300w, https:\/\/lsci.fr\/wp-content\/uploads\/2018\/03\/IEG-1-LSCI-768x768.jpg 768w\" sizes=\"(max-width: 1000px) 100vw, 1000px\" \/><\/p>\n<h1 style=\"text-align: center;\">TECHNIQUES ANALYTIQUES<\/h1>\n<p>La famille TECHNIQUES ANALITIQUES est compos\u00e9e de 61 appareils avec leurs accessoires correspondants, con\u00e7us pour effectuer un certain type d&#8217;analyse ou de test, tels que: ASTM 5863, d\u00e9gustation de l\u2019huile d\u2019olive, Karl Fischer d\u00e9termination de la teneur en eau, demande chimique en oxyg\u00e8ne COD, densit\u00e9 apparente, durabil\u00edm\u00e8tre, \u00e9lectroanalyse, \u00e9lectrophor\u00e8se, \u00e9lectrogravim\u00e8trie, floculation, friabilim\u00e8tre, index de la fluidit\u00e9 des poudres, jar test, test de l&#8217;abrasion usure et chute, test de contr\u00f4le de coloration, test de d\u00e9sint\u00e9gration, test de dissolution, voluminom\u00e8tre \u00e0 tassage.<\/p>\n<p><a href=\"https:\/\/www.dropbox.com\/s\/58wcbzt8o09fn8f\/LSCI%20Appareils%20Analytiques%202019.pdf?dl=0\"><strong><img loading=\"lazy\" class=\"alignleft  wp-image-226\" src=\"http:\/\/lsci.fr\/wp-content\/uploads\/2018\/04\/Bot\u00f3-descarga-150x150.png\" alt=\"\" width=\"59\" height=\"59\" srcset=\"https:\/\/lsci.fr\/wp-content\/uploads\/2018\/04\/Bot\u00f3-descarga-150x150.png 150w, https:\/\/lsci.fr\/wp-content\/uploads\/2018\/04\/Bot\u00f3-descarga-300x300.png 300w, https:\/\/lsci.fr\/wp-content\/uploads\/2018\/04\/Bot\u00f3-descarga-768x768.png 768w, https:\/\/lsci.fr\/wp-content\/uploads\/2018\/04\/Bot\u00f3-descarga-1024x1024.png 1024w, https:\/\/lsci.fr\/wp-content\/uploads\/2018\/04\/Bot\u00f3-descarga.png 1280w\" sizes=\"(max-width: 59px) 100vw, 59px\" \/><\/strong><\/a><\/p>\n<p><strong>T\u00e9l\u00e9chargez le catalogue de techniques analytiques<\/strong><\/p>\n<p><a href=\"https:\/\/www.dropbox.com\/s\/hlquwgr381dzpg5\/LSCI%20Analytical%20Apparatus%202019.pdf?dl=0\"><strong><img loading=\"lazy\" class=\"alignleft  wp-image-226\" src=\"http:\/\/lsci.fr\/wp-content\/uploads\/2018\/04\/Bot\u00f3-descarga-150x150.png\" alt=\"\" width=\"58\" height=\"58\" srcset=\"https:\/\/lsci.fr\/wp-content\/uploads\/2018\/04\/Bot\u00f3-descarga-150x150.png 150w, https:\/\/lsci.fr\/wp-content\/uploads\/2018\/04\/Bot\u00f3-descarga-300x300.png 300w, https:\/\/lsci.fr\/wp-content\/uploads\/2018\/04\/Bot\u00f3-descarga-768x768.png 768w, https:\/\/lsci.fr\/wp-content\/uploads\/2018\/04\/Bot\u00f3-descarga-1024x1024.png 1024w, https:\/\/lsci.fr\/wp-content\/uploads\/2018\/04\/Bot\u00f3-descarga.png 1280w\" sizes=\"(max-width: 58px) 100vw, 58px\" \/><\/strong><\/a><\/p>\n<p><strong>Download analytical apparatus catalogue<\/strong><\/p>\n<p><strong><a href=\"https:\/\/www.dropbox.com\/s\/8rwz8prcpupcgqd\/LSCI%20Aparatos%20Anal%C3%ADticos%202019.pdf?dl=0\"><img loading=\"lazy\" class=\"alignleft  wp-image-226\" src=\"http:\/\/lsci.fr\/wp-content\/uploads\/2018\/04\/Bot\u00f3-descarga-150x150.png\" alt=\"\" width=\"60\" height=\"60\" srcset=\"https:\/\/lsci.fr\/wp-content\/uploads\/2018\/04\/Bot\u00f3-descarga-150x150.png 150w, https:\/\/lsci.fr\/wp-content\/uploads\/2018\/04\/Bot\u00f3-descarga-300x300.png 300w, https:\/\/lsci.fr\/wp-content\/uploads\/2018\/04\/Bot\u00f3-descarga-768x768.png 768w, https:\/\/lsci.fr\/wp-content\/uploads\/2018\/04\/Bot\u00f3-descarga-1024x1024.png 1024w, https:\/\/lsci.fr\/wp-content\/uploads\/2018\/04\/Bot\u00f3-descarga.png 1280w\" sizes=\"(max-width: 60px) 100vw, 60px\" \/><\/a>Descaragar el cat\u00e1logo de aparatos anal\u00edticos<\/strong><\/p>\n","protected":false},"excerpt":{"rendered":"<p>TECHNIQUES ANALYTIQUES La famille TECHNIQUES ANALITIQUES est compos\u00e9e de 61 appareils avec leurs accessoires correspondants, con\u00e7us pour effectuer un certain type d&#8217;analyse ou de test, tels que: ASTM 5863, d\u00e9gustation de l\u2019huile d\u2019olive, Karl Fischer d\u00e9termination de la teneur en eau, demande chimique en oxyg\u00e8ne COD, densit\u00e9 apparente, durabil\u00edm\u00e8tre, \u00e9lectroanalyse, \u00e9lectrophor\u00e8se, \u00e9lectrogravim\u00e8trie, floculation, friabilim\u00e8tre, index [&hellip;]<\/p>\n","protected":false},"author":1,"featured_media":0,"parent":0,"menu_order":0,"comment_status":"closed","ping_status":"closed","template":"","meta":[],"_links":{"self":[{"href":"https:\/\/lsci.fr\/index.php\/wp-json\/wp\/v2\/pages\/158"}],"collection":[{"href":"https:\/\/lsci.fr\/index.php\/wp-json\/wp\/v2\/pages"}],"about":[{"href":"https:\/\/lsci.fr\/index.php\/wp-json\/wp\/v2\/types\/page"}],"author":[{"embeddable":true,"href":"https:\/\/lsci.fr\/index.php\/wp-json\/wp\/v2\/users\/1"}],"replies":[{"embeddable":true,"href":"https:\/\/lsci.fr\/index.php\/wp-json\/wp\/v2\/comments?post=158"}],"version-history":[{"count":5,"href":"https:\/\/lsci.fr\/index.php\/wp-json\/wp\/v2\/pages\/158\/revisions"}],"predecessor-version":[{"id":328,"href":"https:\/\/lsci.fr\/index.php\/wp-json\/wp\/v2\/pages\/158\/revisions\/328"}],"wp:attachment":[{"href":"https:\/\/lsci.fr\/index.php\/wp-json\/wp\/v2\/media?parent=158"}],"curies":[{"name":"wp","href":"https:\/\/api.w.org\/{rel}","templated":true}]}}