{"id":152,"date":"2018-03-29T16:33:11","date_gmt":"2018-03-29T14:33:11","guid":{"rendered":"http:\/\/lsci.fr\/?page_id=152"},"modified":"2019-04-02T15:11:50","modified_gmt":"2019-04-02T13:11:50","slug":"biologie","status":"publish","type":"page","link":"https:\/\/lsci.fr\/index.php\/biologie\/","title":{"rendered":"Biologie"},"content":{"rendered":"<p><img loading=\"lazy\" class=\"aligncenter size-full wp-image-178\" src=\"http:\/\/lsci.fr\/wp-content\/uploads\/2018\/03\/BCC-1-WR.jpg\" alt=\"BCC-1 WR\" width=\"1000\" height=\"750\" srcset=\"https:\/\/lsci.fr\/wp-content\/uploads\/2018\/03\/BCC-1-WR.jpg 1000w, https:\/\/lsci.fr\/wp-content\/uploads\/2018\/03\/BCC-1-WR-300x225.jpg 300w, https:\/\/lsci.fr\/wp-content\/uploads\/2018\/03\/BCC-1-WR-768x576.jpg 768w\" sizes=\"(max-width: 1000px) 100vw, 1000px\" \/><\/p>\n<h1 style=\"text-align: center;\">BIOLOGIE<\/h1>\n<p>La famille de BIOLOGIE est compos\u00e9e de 62 appareils et leurs accessoires pour l&#8217;analyse m\u00e9dicale, la bact\u00e9riologie, la biologie, la biochimie et l\u2019histologie. Les diff\u00e9rents dispositifs trouv\u00e9s dans cette famille sont: Agitateurs, aglutinoscope, bains, chambre de st\u00e9rilisation, st\u00e9rilisateurs, ensemenceur spirale pour bo\u00eetes Petri, portoirs, illuminateurs, incubateur, plaques chauffantes et s\u00e8cheur.<\/p>\n<p><a href=\"https:\/\/www.dropbox.com\/s\/9t4246j639m94a9\/LSCI%20Biologie%202019.pdf?dl=0\"><img loading=\"lazy\" class=\"alignleft  wp-image-226\" src=\"http:\/\/lsci.fr\/wp-content\/uploads\/2018\/04\/Bot\u00f3-descarga-150x150.png\" alt=\"\" width=\"59\" height=\"59\" srcset=\"https:\/\/lsci.fr\/wp-content\/uploads\/2018\/04\/Bot\u00f3-descarga-150x150.png 150w, https:\/\/lsci.fr\/wp-content\/uploads\/2018\/04\/Bot\u00f3-descarga-300x300.png 300w, https:\/\/lsci.fr\/wp-content\/uploads\/2018\/04\/Bot\u00f3-descarga-768x768.png 768w, https:\/\/lsci.fr\/wp-content\/uploads\/2018\/04\/Bot\u00f3-descarga-1024x1024.png 1024w, https:\/\/lsci.fr\/wp-content\/uploads\/2018\/04\/Bot\u00f3-descarga.png 1280w\" sizes=\"(max-width: 59px) 100vw, 59px\" \/><\/a><\/p>\n<p><strong>T\u00e9<\/strong><strong>l\u00e9chargez le catalogue de Biologie<\/strong><\/p>\n<p><a href=\"https:\/\/www.dropbox.com\/s\/607l16zlmqpdr93\/LSCI%20Biology%202019.pdf?dl=0\"><img loading=\"lazy\" class=\"alignleft  wp-image-226\" src=\"http:\/\/lsci.fr\/wp-content\/uploads\/2018\/04\/Bot\u00f3-descarga-150x150.png\" alt=\"\" width=\"59\" height=\"59\" srcset=\"https:\/\/lsci.fr\/wp-content\/uploads\/2018\/04\/Bot\u00f3-descarga-150x150.png 150w, https:\/\/lsci.fr\/wp-content\/uploads\/2018\/04\/Bot\u00f3-descarga-300x300.png 300w, https:\/\/lsci.fr\/wp-content\/uploads\/2018\/04\/Bot\u00f3-descarga-768x768.png 768w, https:\/\/lsci.fr\/wp-content\/uploads\/2018\/04\/Bot\u00f3-descarga-1024x1024.png 1024w, https:\/\/lsci.fr\/wp-content\/uploads\/2018\/04\/Bot\u00f3-descarga.png 1280w\" sizes=\"(max-width: 59px) 100vw, 59px\" \/><\/a><\/p>\n<p><strong>Download Biology catalogue<\/strong><\/p>\n<p><strong><a href=\"https:\/\/www.dropbox.com\/s\/0z3pylaoyzl5gmo\/LSCI%20Biologia%202019.pdf?dl=0\"><img loading=\"lazy\" class=\"alignleft  wp-image-226\" src=\"http:\/\/lsci.fr\/wp-content\/uploads\/2018\/04\/Bot\u00f3-descarga-150x150.png\" alt=\"\" width=\"60\" height=\"60\" srcset=\"https:\/\/lsci.fr\/wp-content\/uploads\/2018\/04\/Bot\u00f3-descarga-150x150.png 150w, https:\/\/lsci.fr\/wp-content\/uploads\/2018\/04\/Bot\u00f3-descarga-300x300.png 300w, https:\/\/lsci.fr\/wp-content\/uploads\/2018\/04\/Bot\u00f3-descarga-768x768.png 768w, https:\/\/lsci.fr\/wp-content\/uploads\/2018\/04\/Bot\u00f3-descarga-1024x1024.png 1024w, https:\/\/lsci.fr\/wp-content\/uploads\/2018\/04\/Bot\u00f3-descarga.png 1280w\" sizes=\"(max-width: 60px) 100vw, 60px\" \/><\/a>Descargar el cat\u00e1logo de biolog\u00eda<\/strong><\/p>\n","protected":false},"excerpt":{"rendered":"<p>BIOLOGIE La famille de BIOLOGIE est compos\u00e9e de 62 appareils et leurs accessoires pour l&#8217;analyse m\u00e9dicale, la bact\u00e9riologie, la biologie, la biochimie et l\u2019histologie. Les diff\u00e9rents dispositifs trouv\u00e9s dans cette famille sont: Agitateurs, aglutinoscope, bains, chambre de st\u00e9rilisation, st\u00e9rilisateurs, ensemenceur spirale pour bo\u00eetes Petri, portoirs, illuminateurs, incubateur, plaques chauffantes et s\u00e8cheur. T\u00e9l\u00e9chargez le catalogue de [&hellip;]<\/p>\n","protected":false},"author":1,"featured_media":0,"parent":0,"menu_order":0,"comment_status":"closed","ping_status":"closed","template":"","meta":[],"_links":{"self":[{"href":"https:\/\/lsci.fr\/index.php\/wp-json\/wp\/v2\/pages\/152"}],"collection":[{"href":"https:\/\/lsci.fr\/index.php\/wp-json\/wp\/v2\/pages"}],"about":[{"href":"https:\/\/lsci.fr\/index.php\/wp-json\/wp\/v2\/types\/page"}],"author":[{"embeddable":true,"href":"https:\/\/lsci.fr\/index.php\/wp-json\/wp\/v2\/users\/1"}],"replies":[{"embeddable":true,"href":"https:\/\/lsci.fr\/index.php\/wp-json\/wp\/v2\/comments?post=152"}],"version-history":[{"count":5,"href":"https:\/\/lsci.fr\/index.php\/wp-json\/wp\/v2\/pages\/152\/revisions"}],"predecessor-version":[{"id":326,"href":"https:\/\/lsci.fr\/index.php\/wp-json\/wp\/v2\/pages\/152\/revisions\/326"}],"wp:attachment":[{"href":"https:\/\/lsci.fr\/index.php\/wp-json\/wp\/v2\/media?parent=152"}],"curies":[{"name":"wp","href":"https:\/\/api.w.org\/{rel}","templated":true}]}}